 - -1)).
18
What is -42 - -18 - (20 + -64)?
20
Evaluate -7 + -25 - (-117 - -144).
-59
What is 38 + (-97 - -42) + -8 + 1?
-24
What is 16 - 0 - (-2 + 8 + 21 - 10)?
-1
What is (-14 - ((1 - 5) + -10 - -10)) + -35?
-45
-67 + (32 - (9 - -1)) + -12
-57
What is 11 + -43 + (-9 + 3 - (2 - (-4 + 12)))?
-32
Evaluate -80 - -7 - (2 - (-12 + 23)) - -9.
-55
(-791 - -827) + (-3 - 19)
14
What is the value of -1 + -9 + -2 - (-20 + -45 + 30)?
23
What is the value of 519 + -524 + (-2 - -13) + -4 + -9?
-7
Evaluate (-1014 - -923) + (123 - 11).
21
What is -2 + -7 + (47 - (16 + 13))?
9
Calculate (-20 - -37 - 16) + 25 - 32.
-6
-6 + 0 + -5 - (-77 - ((7 - 3) + -9))
61
Evaluate -108 - (1 + -1 - (17 - (36 + (10 - 20)))).
-117
Calculate (-18 - 12) + 21 + 42 + 3.
36
What is the value of 1 + 83 + (40776 - 40926)?
-66
What is (9 - 135) + (561 - 322)?
113
Calculate -14 - ((-13 - -6) + (-6 - (16 - -10))).
25
-23 - -7 - ((26 - 5) + -9)
-28
What is (22 - (66 + 21)) + (5 - (9 - 6))?
-63
Calculate -69 - (14 - (15 + 47)).
-21
What is the value of -4 + -45 - (-7 + -11 + -61)?
30
What is the value of 132 - -58 - 138 - ((-14 - 2) + 0)?
68
Calculate (-19 - 13) + (-2 - -39) - (-3 - -24).
-16
What is the value of 121 + (55 - 164) + -2 + 23 + -1?
32
Evaluate 48 + (-1 - 1) + (-37 - (5 + -17)) + 20.
41
(-31 - (34 - (33 - 37))) + (4 - 0)
-65
What is 31 + -45 + 29 + 40 + -20?
35
Evaluate (7 - (-12 + -5)) + -10 + 1 + -67.
-52
What is -53 - ((6 - -2) + 3 + -16)?
-48
Evaluate (116 - 1) + 5794 + -5879.
30
Calculate (-60 - -18 - (-16 + 16)) + 21.
-21
Calculate -6 + -56 + 10 + 35.
-17
Evaluate 113 - (36 - (3 - (15 + -21 + -5))).
91
-132 - (-12 + (9 + -23 - -1) - -23)
-130
Evaluate 12 + (3 - 2) - -2 - (-21 + (5 - -7)).
24
-1 + 8 + -1 + (-17 + 144 + -45 - 90)
-2
What is the value of (-76 - -142) + -102 - -15?
-21
What is the value of (-45 - -39) + 8 + -3 + -5 + 2 + -97?
-101
What is the value of 2 + -3 + 1 - (-50 - (-75 - -32))?
7
Calculate (-101 - (35 + -21 + -30)) + 10 + (-2 - -1).
-76
What is the value of 117 + -1 - ((96 - 101) + -1 + -4 + 15)?
111
What is 6 + -9 - -9 - (28 + -32) - -17?
27
Evaluate (143 - 247) + (2 - -63).
-39
What is the value of (16 - (-39 - -5)) + 7 + 12?
69
Evaluate 21 - 0 - (-70 + 53 + 56).
-18
Evaluate 44 + -41 - 24 - 41.
-62
-34 + -76 + (-56 - -185)
19
18 + 23 + -25 + 16 - -15
47
What is -32 - (-77 - -47) - (10 - 0)?
-12
Calculate -1 + -23 + -208 + 206 - (2 - 1 - 3).
-24
Calculate (-11 - -7) + 1 - (-10 - (-13 + 2 + 36)).
32
Evaluate -5 - (-7 - 12) - ((5 + -13 - -9) + -48).
61
Evaluate (-22 - (3 - 13)) + 39 - -5.
32
Evaluate -211 - (-47 - 152) - (-36 + 1).
23
-24 + (3 - (-10 - (-11 + 23)))
1
What is the value of 64 + 55 + -52 + -42?
25
What is the value of -28 + 15 - (152 + -201)?
36
0 + -102 + -88 + 80
-110
11 + (-70 - (-1 + 18 - (385 + -372)))
-63
Evaluate 25 + -15 + (22 - 9) + 21.
44
What is the value of -21 + -9 + (87 - -13) + -21 - (-2 - -5)?
46
What is 53 + -48 + 95 + -130?
-30
What is (4 + 7 - 6 - 9 - 0) + -33 + 58?
21
Calculate 16 + (0 - -15 - (-239 + 262)) - -39.
47
0 + -7 + (-8 - 1 - (38 + -25 - 6))
-23
What is the value of -9 + (-19 - (6 + (-22 - -6))) + 7?
-11
Calculate 5 + (11 - (5 - -4)) + 35.
42
What is 12 - (-4 + -47) - (15 + -1) - (-7 + 0)?
56
(5 - (22 - 37)) + -7
13
0 + (0 - (22 - 16)) + 12
6
Evaluate (3 - -28) + 22 + -15 - 174.
-136
40 + -29 - (-23 - -55 - (8 - 2))
-15
What is the value of (19 - 0) + -235 + 145 + -10 + -6 + 2?
-85
Evaluate (4 - (-5 - -13)) + 15 + -33 + 15.
-7
What is -60 + -8 + (15 - -3) + (11 - 13)?
-52
Evaluate 48 + ((-30 - -45) + -15 + 0 - -7).
55
What is the value of (-20 - 7) + -49 + (-9 - (-1 - 19))?
-65
Calculate 7 - (-54 - -68 - -20).
-27
-131 - -223 - 26 - 150
-84
What is the value of -51 - (-22 - (35 - 4))?
2
What is the value of (51 - (25 - (24 - 36))) + 6?
20
Evaluate 14 + (6 - (10 + -6) - 19) + 73.
70
Calculate 8 - (8 + -6) - (8 - (21 - 31)).
-12
Evaluate (-21 - -1) + (446 - 472) + 0.
-46
What is 4 + (4 - (-186 + 181 - (1 - (3 + 23))))?
-12
Calculate 85 - ((-92 - -140) + 6).
31
(148 - 72) + (3 - 3 - 6) + (0 - -10)
80
What is the value of 17 + 51 + -175 + (29 - 2)?
-80
-19 - (15 - (8 - ((-11 - 1) + 12)) - 10)
-16
What is the value of -72 + (-58 - -135) + -112 + -1 + 0 + 2?
-106
What is 107 - (19 + (7 + -20 - -11) - (12 - 7))?
95
Calculate -306 - (-111 - (33 - -18)).
-144
Evaluate -16 + 11 + 21 - (11 - 2).
7
What is the value of 15 - (113 + 16 + -147)?
33
What is -70 + 69 + -46 + 59 - 34?
-22
-166 - (76 - 149) - 11
-104
What is the value of -9 + -1 + (-12 - (-44 + 42))?
-20
Calculate -16 + (5 + -2 + 10 - 10) + -11.
-24
What is the value of -23 + 96 + -77 + -15 + 2?
-17
What is 18 + (20 - (-13 - -44) - -1) - -38?
46
What is the value of 34 - (-19 - (-41 - 1)) - (0 - -17)?
-6
Calculate -2399 - -2445 - (-2 + 125).
-77
(-115 - -77 - (-9 + -27)) + -1 + (-75 - -2)
-76
(-2 - -58) + (98 + -35 - 77)
42
Evaluate (3 - 44) + (-23 - -16) + -3 + -7 + 3.
-55
Evaluate 3 + -70 + 48 - (1 - -7).
-27
Evaluate (4 - -7) + (7 - 35) + -1 + 18.
0
What is (-2 - -8 - 2) + (33 - (16 - (1 - 10)))?
12
Evaluate -4 - 0 - (-11 + (101 - ((-5 - -25) + -16))).
-90
Evaluate (-1 - 0) + (-2 - (3 + -2)) + (2867 - 2919).
-56
What is the value of -6 + 1 - (-4 + (-2 - -4)) - (-671 - -646)?
22
What is the value of (3 + -5 - 3 - 1) + -853 + 835?
-24
Evaluate 57 - 54 - (-1 + 0) - (30 - 73).
47
What is the value of 82 - 106 - (-56 - -12)?
20
What is 44 - (-35 - (20 - 44)) - -31?
86
18 - (54 - ((-8 - -19) + -16) - 15)
-26
What is 17 + 1 - (-86 + 87) - (34 + -63)?
46
What is the value of -14 + (-122 - -127 - (-5 - 1)) - (82 + -8)?
-77
Evaluate 4 + (-1 - -2) - (9 + (41 - 38)).
-7
Calculate -2 - -88 - (590 + -483).
-21
4 + -50 + (1 - ((9 - 4) + -1)) + -2
-51
Calculate 5507 + -5491 - (-2 - (2 - (0 + -69))).
89
What is the value of 30 - (69 - 66 - -48)?
-21
Evaluate (-11 - 3) + (33 + -36 - (-18 - 7)).
8
What is the value of (493 - 929) + 449 - ((-142 - -2) + 0)?
153
What is the value of -19 - -61 - 22 - 10 - -16?
26
(-2 - -3) + (-1743 - -1725)
-17
Calculate 65 + -86 - (-24 + 0).
3
-73 + 17 - (6 - 55)
-7
Evaluate 3 - ((40 - 51) + 52).
-38
What is the value of -31 + (-40 - -99) - ((8 - -3) + -1)?
18
18 + (-42 - -24) + (-7 - -6) + (0 - -6)
5
-10 - 7 - (-2 + -45)
30
What is (17 - 7) + 7 + 13 + -16 + -38?
-24
What is the value of 296 + -317 - (4 - (5 - -1))?
-19
Evaluate (-4 + 9 - ((-2 - -7 - -14) + -8)) + 46.
40
Evaluate 0 + 4 + 11 + -20 + 6 - (61 + 1).
-61
Evaluate 22 + (-32 + 15 - 52) - (8 - -1).
-56
35 + -126 - 39 - (-21 - (2 - 4))
-111
Evaluate 73 + -33 + 7 - (3 + -14 + (1 - 1)).
58
Calculate 240 + -31 + -66 + -251.
-108
Calculate -9 + 5 + 3 + (0 - (68 + 9) - -11).
-67
Evaluate (-6 + 14 - (13 + -4) - 7) + -33.
-41
Calculate (3 - 15 - -12) + -3 + 2 + 5 + 2.
6
Calculate 21 + (-27 - 20) + 0 + -12.
-38
Evaluate (-1 + -14 - (149 - 147)) + -95 - 7.
-119
33 - (-1 + 0) - (185 + -186)
35
Calculate 9 - (19 - 12) - (75 - 81).
8
Evaluate (-2 - (2 + -5)) + 145 + -128.
18
What is the value of -12 + (19 - 46) + -11?
-50
Calculate -3 + (21 - (-51 + -2 + 12)) + -3.
56
Calculate 6 + 6 + -12 - -8 - (-20 + -13).
41
-36 + 1 + 20 + -18
-33
What is (12 - 4 - (30 - 51)) + -6?
23
What is the value of -46 + (1 - (13 - 0)) + -23 + 43?
-38
Calculate 1 - -55 - (876 + -783).
-37
What is 9 - (16 - 20) - -45?
58
Calculate -5198 + 5155 + (-1 - -19).
-25
What is the value of 16 - (-4 + (24 - (8 - -8)))?
12
Calculate (-4 - (22 + -11)) + -2 - -2.
-15
Calculate -9 + -88 - 1 - (-327 + 296).
-67
What is -4 - (-22 - -8) - (-10 - -16 - 80)?
84
-15 - (34 + (42 - 115))
24
What is the value of 63 + 68 + (-47 - -16)?
100
What is the value of 116 - ((56 - 4) + 9)?
55
What is the value of 1655 + -1623 - (37 - -2)?
-7
Evaluate (0 - 2 - -79) + (-24358 - -24348).
67
Evaluate (0 - 1) + -4238 + 4236.
-3
What is the value of (-1 - 41) + -28 + (37 + -30 - -31)?
-32
Evaluate 9 + -39 + (-33 - -43) + (-70 - 4).
-94
Evaluate -53 + 1 + -20 + (3 - -8).
-61
What is the value of (1 - 2 - 0) + -2997 + 3130?
132
Evaluate -9 + (5 + -15 - -24) + -6 - 41.
-42
6 - ((22 - 7 - 0) + (56 - -3))
-68
14 + (11 - 13) + (-8 - (-6 + 71 + -3))
-58
-40 + (-38 + 34 - -21 - 11)
-34
Calculate -92 + (-79 - -173) - (-48 + (-2 - 0)).
52
What is the value of 123 - (120 + -154 + 79)?
78
What is the value of (-6 - 3 - 0) + 7 + -4 + 23?
17
Evaluate 19 - (-3 + -27 +